ase 7, what is -45 + 26?
-16
In base 3, what is -222 - 10010?
-11002
In base 8, what is 610 - -2?
612
In base 3, what is -1012 - 10?
-1022
In base 6, what is -4 + 345?
341
In base 16, what is 9 - -288?
291
In base 12, what is 4 - -39?
41
In base 8, what is 31543 - -5?
31550
In base 5, what is -203 - 4?
-212
In base 9, what is -2 - 113?
-115
In base 8, what is 46 - -43?
111
In base 10, what is -17 + -70?
-87
In base 2, what is -10100000111 - -11?
-10100000100
In base 15, what is 6 - -32?
38
In base 3, what is -121 - -1002?
111
In base 15, what is 11 - -16?
27
In base 3, what is -222 - 221?
-1220
In base 6, what is 4 + -4442?
-4434
In base 12, what is -a4 + 7?
-99
In base 9, what is -21 - -187?
166
In base 2, what is -1101 - -1111?
10
In base 5, what is 2 + 1031?
1033
In base 7, what is 124 - -6?
133
In base 5, what is -114 + -10443?
-11112
In base 12, what is -253 + -1?
-254
In base 11, what is -33 + -8?
-40
In base 8, what is 12 + -370?
-356
In base 6, what is 5 + -502?
-453
In base 16, what is 183 - 0?
183
In base 8, what is -337 - -2?
-335
In base 11, what is -12a - 27?
-156
In base 10, what is 2 + 266?
268
In base 3, what is -100222 - 12?
-101011
In base 10, what is 189 + -15?
174
In base 5, what is -3 - -23?
20
In base 8, what is -5 - -107?
102
In base 9, what is 2086 + 12?
2108
In base 7, what is 5 - 31?
-23
In base 4, what is -113 + -130?
-303
In base 7, what is -2 + -402?
-404
In base 5, what is 230 - 1441?
-1211
In base 13, what is 333 + -47?
2b9
In base 2, what is 1111001 - -101?
1111110
In base 13, what is 22c + 23?
252
In base 16, what is 5 - -1?
6
In base 12, what is -467 - 11?
-478
In base 6, what is 5 - -1052?
1101
In base 2, what is 11 - 100100111?
-100100100
In base 6, what is 204 - -13?
221
In base 3, what is -20 + -111?
-201
In base 13, what is 2828 - 2?
2826
In base 3, what is -11221 - -12?
-11202
In base 4, what is -1322 - -3?
-1313
In base 15, what is -5 - d7?
-dc
In base 3, what is -1 + -201?
-202
In base 7, what is 644 - -1?
645
In base 2, what is -100 - 1001001000010?
-1001001000110
In base 11, what is 80 - 1?
7a
In base 9, what is 2504 + -4?
2500
In base 4, what is 12332 + -123?
12203
In base 10, what is -41 + -4?
-45
In base 13, what is -828a - 5?
-8292
In base 3, what is -201101 + 120?
-200211
In base 5, what is -21 - 331?
-402
In base 7, what is -332 - 4?
-336
In base 4, what is -30 - -103322?
103232
In base 11, what is -8125 - 4?
-8129
In base 12, what is 8 + 6?
12
In base 8, what is 20 - 102?
-62
In base 8, what is -651 + -6?
-657
In base 16, what is 3 + 14?
17
In base 12, what is -4 + b5?
b1
In base 12, what is 0 - 22a?
-22a
In base 15, what is 5 + -41?
-3b
In base 14, what is 15 + 8?
1d
In base 15, what is -bd + 2?
-bb
In base 6, what is 5 - 450?
-441
In base 8, what is 215 - 54?
141
In base 2, what is -110 + 1100001?
1011011
In base 11, what is 29 + -19?
10
In base 13, what is -1 - 349?
-34a
In base 3, what is 1022 + -112020?
-110221
In base 4, what is -11 - 113?
-130
In base 13, what is 5076 + 2?
5078
In base 3, what is 10111 + 22?
10210
In base 11, what is -4 + 100a?
1006
In base 10, what is -11 - 333?
-344
In base 15, what is -e8 + 3?
-e5
In base 12, what is -1 - 17?
-18
In base 13, what is -64 - -110?
79
In base 7, what is 1 + 656?
660
In base 3, what is -12 - -21?
2
In base 14, what is 1 - 3b?
-3a
In base 14, what is -7 + -1a?
-23
In base 15, what is 3 - -47a?
47d
In base 16, what is 2 + 8a7?
8a9
In base 15, what is 0 - -1dd?
1dd
In base 10, what is 1056 - -5?
1061
In base 6, what is -1 + 14443?
14442
In base 6, what is -2513 + 2?
-2511
In base 11, what is 322 + 30?
352
In base 11, what is 6 + 1?
7
In base 6, what is 522 + -3?
515
In base 13, what is -4c + -5?
-54
In base 15, what is a - -9?
14
In base 4, what is 302 - -13?
321
In base 9, what is -151 + -2?
-153
In base 14, what is -3 - 18?
-1b
In base 6, what is -2 + 44?
42
In base 5, what is -4411 - 1?
-4412
In base 6, what is 5 + 2405?
2414
In base 6, what is -222522 + 3?
-222515
In base 13, what is -5 + 23?
1b
In base 3, what is 0 + -222201?
-222201
In base 12, what is -26 + -b?
-35
In base 15, what is -5 - -b?
6
In base 2, what is -11 - 11011100111?
-11011101010
In base 8, what is -121 + -2?
-123
In base 10, what is -30 + -75?
-105
In base 13, what is -c - -8?
-4
In base 9, what is 268 + 2?
271
In base 9, what is 4 - -51?
55
In base 2, what is 11100111010 + 111?
11101000001
In base 5, what is 3 - 1220?
-1212
In base 8, what is -5 + 174?
167
In base 16, what is -50 - -6?
-4a
In base 12, what is 1 - 880?
-87b
In base 13, what is 233 - -10?
243
In base 3, what is -1111 + 210?
-201
In base 13, what is -584 - 11?
-595
In base 8, what is 12 + 1775?
2007
In base 3, what is 102 - 1012?
-210
In base 10, what is 2821 - 1?
2820
In base 5, what is 21 - -23?
44
In base 5, what is 1020214 - 3?
1020211
In base 4, what is -121220 + 10?
-121210
In base 12, what is -ab + 2?
-a9
In base 11, what is 5 - 12?
-8
In base 11, what is -4 + 1?
-3
In base 2, what is -101 + 11101?
11000
In base 3, what is -1000 - 10?
-1010
In base 2, what is 1010 + -10101100100?
-10101011010
In base 15, what is -15 - -28?
13
In base 3, what is 200 - 2?
121
In base 5, what is 1 + 120402?
120403
In base 3, what is -210220 + 12?
-210201
In base 12, what is 64 + -44?
20
In base 6, what is 1043 - 0?
1043
In base 6, what is 1 - 33?
-32
In base 16, what is -e58 + -5?
-e5d
In base 13, what is -1 - 1a?
-1b
In base 4, what is -212 - -201?
-11
In base 14, what is -b97 - -5?
-b92
In base 14, what is 27c + -3?
279
In base 10, what is -79 - 35?
-114
In base 5, what is -11131 + -2?
-11133
In base 6, what is -3 + -310?
-313
In base 16, what is -5 + 13?
e
In base 13, what is 346 - 4?
342
In base 2, what is 1000000 - -100?
1000100
In base 7, what is 16 + -3413?
-3364
In base 6, what is -1 + -1203?
-1204
In base 5, what is 0 + 103040?
103040
In base 2, what is -1 + 1010?
1001
In base 16, what is 6 - -1e?
24
In base 13, what is -8b + -4?
-92
In base 3, what is -21 - -222200?
222102
In base 16, what is 4b - -c5?
110
In base 8, what is -4 + -361?
-365
In base 7, what is 1 - -2156?
2160
In base 4, what is -22 + -1301?
-1323
In base 16, what is -69 - -b?
-5e
In base 6, what is 4 + 15430?
15434
In base 9, what is 307 - 20?
277
In base 3, what is 20 + 211012?
211102
In base 9, what is -22 + 42?
20
In base 5, what is 10 + 14?
24
In base 16, what is -495 + -5?
-49a
In base 14, what is 0 + 48?
48
In base 16, what is -12a + -4?
-12e
In base 5, what is 3 + 302?
310
In base 8, what is -364 - 0?
-364
In base 13, what is -27 + -4?
-2b
In base 13, what is 5 + -25?
-20
In base 15, what is ab2 + -c?
aa5
In base 14, what is 5 - 12?
-b
In base 6, what is -5 - -40?
31
In base 9, what is 30 + -408?
-368
In base 7, what is 30 + 6?
36
In base 7, what is 2 - 604?
-602
In base 11, what is 12 - -1a?
31
In base 6, what is 24122 - 1?
24121
In base 10, what is -512 - 1?
-513
In base 13, what is -4 + -2464?
-2468
In base 15, what is -47 - -1?
-46
In base 11, what is 71 - -88?
149
In base 3, what is -212211112 + 10?
-212211102
In base 12, what is 20 - -41b?
43b
In base 15, what is -e + 99?
8a
In base 7, what is -1 + 12151?
12150
In base 2, what is -100 + -10011001011?
-10011001111
In base 11, what is -10 - 16?
-26
In base 2, what is -101 + -1111010111?
-1111011100
In base 11, what is 207 - -1a?
226
In base 16, what is -83b - -9?
-832
In base 7, what is -25 - -203?
145
In base 12, what is 0 + 54a?
54a
In base 14, what is 311 - 3?
30c
In base 10, what is -2 - 279?
-281
In base 15, what is 0 + -1110?
-1110
In base 15, what is -31 + 24?
-c
In base 6, what is 315 - -233?
552
In base 2, what is 1011101011 + 1000?
1011110011
In base 7, what is 46 + -661?
-612
In base 3, what is -22010 + -10121?
-102201
In base 4, what is 21 + -212?
-131
In base 6, what is 10 + 3354?
3404
In base 12, what is 3 - 126?
-123
In base 15, what is -4 - 35?
-39
In base 15, what is -2ad + 6?
-2a7
In base 14, what is -27d - 2?
-281
In base 9, what is -5 - -464?
458
In base 5, what is -24 + -311?
-340
In base 14, what is 530 + c?
53c
In base 16, what is -24 + d0?
ac
In base 4, what is 3 + 1002?
1011
In base 10, what is -2 + 50?
48
In base 11, what is 87 + 24?
100
In base 9, what is 545 + 2?
547
In base 7, what is -115 - -6?
-106
In base 4, what is -10131 - 10?
-10201
In base